5?
aeb
Convert 19c (base 16) to base 8.
634
-87d (base 14) to base 5
-23204
26 (base 11) to base 15
1d
Convert 101200221 (base 3) to base 7.
31513
-3dbe (base 15) to base 3
-200010222
Convert 32353 (base 7) to base 6.
101214
Convert 3957 (base 12) to base 3.
22222111
Convert -17a37 (base 11) to base 4.
-12021320
What is 40b (base 15) in base 13?
551
-776 (base 13) to base 12
-8a8
Convert 131120 (base 4) to base 16.
758
Convert -1024 (base 5) to base 3.
-12011
What is 6402 (base 7) in base 8?
4320
-4d79 (base 16) to base 4
-10311321
What is -184 (base 9) in base 7?
-313
110022120 (base 3) to base 13
4119
What is 11121121 (base 3) in base 9?
4547
202310 (base 4) to base 3
10001112
What is -57554 (base 8) in base 10?
-24428
Convert -9c5 (base 14) to base 3.
-2122202
Convert -220221 (base 3) to base 2.
-1010100001
What is -10011100011101 (base 2) in base 11?
-7583
-4240 (base 6) to base 10
-960
Convert -102201020 (base 3) to base 11.
-6462
231 (base 7) to base 6
320
Convert -2021202121 (base 3) to base 6.
-544241
What is 1324442 (base 5) in base 12?
13674
Convert -622 (base 8) to base 12.
-296
-20732 (base 10) to base 5
-1130412
Convert -178 (base 10) to base 12.
-12a
Convert -3220 (base 4) to base 12.
-174
Convert 143310 (base 5) to base 3.
22100012
What is -1100100100 (base 2) in base 15?
-389
Convert 43301 (base 6) to base 14.
2245
-16d2 (base 15) to base 14
-1b18
What is 9155 (base 12) in base 5?
1001021
-352 (base 16) to base 9
-1144
What is 4034 (base 11) in base 3?
21100120
What is -1000000 (base 2) in base 5?
-224
Convert 6306 (base 11) to base 9.
12413
1155 (base 8) to base 7
1545
40a1 (base 15) to base 16
3553
Convert 18884 (base 10) to base 12.
ab18
What is 11100111 (base 2) in base 7?
450
Convert -2122 (base 4) to base 13.
-bb
-491 (base 11) to base 13
-35c
131023 (base 4) to base 3
2120011
53aa (base 15) to base 6
213554
What is -11acc (base 14) in base 11?
-2a594
What is -100210 (base 3) in base 8?
-410
Convert -10637 (base 8) to base 3.
-20012002
Convert -3238 (base 10) to base 14.
-1274
Convert -3103 (base 7) to base 4.
-100321
What is -47180 (base 9) in base 5?
-2002000
374 (base 10) to base 15
19e
What is 110111000111 (base 2) in base 14?
13dd
19a (base 15) to base 2
101110010
What is 23321 (base 4) in base 12?
535
What is 157 (base 16) in base 3?
110201
What is -53300 (base 6) in base 7?
-30045
Convert -3011132 (base 4) to base 7.
-51563
Convert 2102121 (base 4) to base 7.
36213
What is -64a (base 15) in base 2?
-10110001100
Convert -2761 (base 9) to base 3.
-2212001
What is -121213 (base 4) in base 9?
-2221
1345a (base 11) to base 2
100101011101111
Convert -1111011011 (base 2) to base 4.
-33123
-4761 (base 8) to base 14
-cdb
2943 (base 14) to base 7
30213
-d9 (base 16) to base 10
-217
What is 20210 (base 4) in base 11?
459
-13646 (base 7) to base 4
-322232
Convert 1021240 (base 5) to base 7.
100524
Convert 3266 (base 10) to base 5.
101031
-2112211020 (base 3) to base 5
-3101142
What is -1548 (base 12) in base 15?
-b1e
Convert -1403 (base 5) to base 8.
-344
Convert 41231 (base 5) to base 14.
da3
What is -1581 (base 15) in base 8?
-11015
What is -3d8f (base 16) in base 7?
-63642
Convert -15424 (base 7) to base 4.
-1003222
907 (base 12) to base 13
793
Convert -31222 (base 9) to base 8.
-50162
79 (base 10) to base 11
72
Convert -2177 (base 9) to base 8.
-3111
367 (base 10) to base 6
1411
Convert -1202101 (base 4) to base 6.
-45041
-7448 (base 10) to base 8
-16430
What is 41301 (base 6) in base 14?
2017
Convert 1453 (base 10) to base 6.
10421
What is 3311 (base 8) in base 14?
8c1
What is 112223 (base 4) in base 12?
a0b
What is -62 (base 7) in base 10?
-44
What is 111221 (base 3) in base 13?
22c
Convert 32104 (base 5) to base 14.
adc
66b8 (base 13) to base 15
43b7
What is -4024 (base 5) in base 6?
-2214
-1675 (base 11) to base 6
-13523
What is 120102 (base 3) in base 9?
512
Convert 21112 (base 7) to base 14.
1c79
66b (base 13) to base 7
3134
What is -213 (base 4) in base 3?
-1110
50534 (base 8) to base 2
101000101011100
What is -18b9 (base 14) in base 12?
-270b
Convert 2422 (base 11) to base 16.
c62
Convert 5335 (base 7) to base 13.
b23
Convert 146 (base 11) to base 6.
443
What is -238 (base 10) in base 16?
-ee
What is -10442 (base 9) in base 15?
-20b8
-134100 (base 5) to base 6
-41325
34887 (base 11) to base 10
50310
What is -110110000110010 (base 2) in base 6?
-332122
What is -19b (base 15) in base 11?
-308
Convert 2112 (base 5) to base 14.
162
-2170 (base 9) to base 7
-4446
Convert -666 (base 8) to base 11.
-369
Convert 2162 (base 9) to base 15.
715
What is -10b3 (base 12) in base 2?
-11101000111
What is 103 (base 8) in base 15?
47
Convert 2682 (base 9) to base 8.
3742
Convert 21012 (base 3) to base 16.
c2
What is -a8 (base 14) in base 8?
-224
a18 (base 11) to base 8
2315
-1315 (base 14) to base 12
-1b33
What is -3eae (base 16) in base 8?
-37256
What is 1002122 (base 3) in base 9?
1078
-27a (base 11) to base 10
-329
-2d7a (base 14) to base 5
-230034
What is 7383 (base 10) in base 4?
1303113
What is 10134 (base 5) in base 2?
1010011101
Convert 2a9 (base 11) to base 3.
111101
What is 5a4 (base 11) in base 14?
395
What is -11111101110001 (base 2) in base 3?
-211021112
What is -7b6 (base 15) in base 2?
-11011010010
52877 (base 9) to base 7
203662
-1020011 (base 3) to base 13
-53b
-452051 (base 6) to base 2
-1001010010011111
What is f31 (base 16) in base 12?
2301
What is 628 (base 10) in base 5?
10003
-264d (base 16) to base 14
-3805
What is -51133 (base 6) in base 4?
-1221201
What is -2633 (base 13) in base 5?
-133300
Convert -1535 (base 16) to base 15.
-191e
What is -3350 (base 7) in base 13?
-722
What is -43da (base 14) in base 9?
-17112
22333 (base 4) to base 8
1277
What is -56a5 (base 13) in base 4?
-2331212
a06 (base 11) to base 4
103000
Convert -7560 (base 11) to base 16.
-2704
Convert 1 (base 14) to base 6.
1
What is -2313 (base 5) in base 2?
-101001101
Convert 2 (base 11) to base 10.
2
What is 14ce (base 15) in base 9?
6115
What is -77 (base 14) in base 11?
-96
What is -492 (base 15) in base 11?
-863
Convert -11001111111 (base 2) to base 11.
-1282
-86b (base 13) to base 12
-a01
Convert -cb (base 13) to base 12.
-11b
What is -9a (base 15) in base 16?
-91
What is 869 (base 13) in base 12?
9bb
Convert -f92 (base 16) to base 14.
-164a
Convert 2650 (base 7) to base 16.
3f7
-2101032 (base 4) to base 7
-36045
1671 (base 12) to base 14
d93
93 (base 14) to base 11
108
Convert b33 (base 15) to base 16.
9db
Convert -1000101010 (base 3) to base 6.
-232220
What is -11101010110 (base 2) in base 3?
-2120120
Convert 54b (base 12) to base 9.
1055
Convert -102320 (base 4) to base 8.
-2270
What is -635 (base 7) in base 11?
-271
What is 409 (base 15) in base 2?
1110001101
What is 80b (base 12) in base 9?
1532
-450 (base 15) to base 3
-1100010
-100001110011 (base 2) to base 8
-4163
Convert -1237 (base 14) to base 13.
-15b0
-20102210 (base 3) to base 5
-122232
-3d6a (base 14) to base 13
-4c46
Convert 5d09 (base 15) to base 2.
100110101100001
What is -2568 (base 11) in base 9?
-4522
What is -7625 (base 12) in base 8?
-31275
What is 152 (base 12) in base 6?
542
14131 (base 5) to base 16
48e
1107 (base 11) to base 14
763
What is -52a (base 12) in base 15?
-354
42c (base 15) to base 4
32232
Convert -10000010 (base 3) to base 13.
-cc6
What is -1000011110 (base 2) in base 12?
-392
What is -5236 (base 9) in base 7?
-14124
What is 233 (base 16) in base 5?
4223
Convert 2c8 (base 14) to base 10.
568
What is 3041 (base 5) in base 2?
110001100
22573 (base 9) to base 10
15051
167723 (base 8) to base 3
10010012220
1322 (base 5) to base 15
e2
What is a7d (base 15) in base 6?
14544
What is -739d (base 14) in base 12?
-b653
What is 4446 (base 7) in base 12?
b16
Convert -5319 (base 10) to base 12.
-30b3
What is -5334 (base 8) in base 13?
-135b
What is 13ad (base 15) in base 11?
3190
Convert -354 (base 16) to base 3.
-1011120
What is 140244 (base 5) in base 3?
21211002
What is -163246 (base 7) in base 3?
-1122102001
Convert 33121 (base 4) to base 6.
4321
-c419 (base 15) to base 11
-29139
What is 140485 (base 9) in base 5?
10220234
-5431 (base 7) to base 10
-1933
What is 1102220001 (base 3) in base 6?
335131
-48a (base 16) to base 8
-2212
3410 (base 9) to base 4
